{"id":472,"date":"2025-11-13T19:09:32","date_gmt":"2025-11-13T19:09:32","guid":{"rendered":"https:\/\/kneipp-verein-dahn.de\/?page_id=472"},"modified":"2026-05-05T16:23:06","modified_gmt":"2026-05-05T16:23:06","slug":"aktuell-programm","status":"publish","type":"page","link":"https:\/\/kneipp-verein-dahn.de\/?page_id=472","title":{"rendered":"Aktuell\/Programm"},"content":{"rendered":"\n<p style=\"font-size:39px\"><strong>Veranstaltungen 2026<\/strong><\/p>\n\n\n\n<p>Mitte Mai Er\u00f6ffnung der Sommersaison mit unseren Nordic-Walkern. Der Termin wird je nach Wetterlage kurzfristig \u00fcber die WA-Gruppen bekannt gegeben.<\/p>\n\n\n\n<p>22.05.2026 Saisoner\u00f6ffnung der Kneippanlagen. Wir treffen uns um 18:00 Uhr im Gerstelpark <\/p>\n\n\n\n<p>04.09.2026 Wanderung mit Picknick<\/p>\n\n\n\n<p>16.10.2026 Ausflug in die Therme nach Bad D\u00fcrkheim <\/p>\n\n\n\n<p>18.11.2026 Vortrag zu den Rauhn\u00e4chten<\/p>\n\n\n\n<p>03.12.2026 Adventsfeier<\/p>\n\n\n\n<p><\/p>\n","protected":false},"excerpt":{"rendered":"<p>Veranstaltungen 2026 Mitte Mai Er\u00f6ffnung der Sommersaison mit unseren Nordic-Walkern. Der Termin wird je nach Wetterlage kurzfristig \u00fcber die WA-Gruppen bekannt gegeben. 22.05.2026 Saisoner\u00f6ffnung der Kneippanlagen. Wir treffen uns um 18:00 Uhr im Gerstelpark 04.09.2026 Wanderung mit Picknick 16.10.2026 Ausflug in die Therme nach Bad D\u00fcrkheim 18.11.2026 Vortrag zu den Rauhn\u00e4chten 03.12.2026 Adventsfeier<\/p>\n","protected":false},"author":2,"featured_media":0,"parent":0,"menu_order":0,"comment_status":"closed","ping_status":"closed","template":"","meta":{"footnotes":""},"class_list":["post-472","page","type-page","status-publish","hentry","entry"],"_links":{"self":[{"href":"https:\/\/kneipp-verein-dahn.de\/index.php?rest_route=\/wp\/v2\/pages\/472","targetHints":{"allow":["GET"]}}],"collection":[{"href":"https:\/\/kneipp-verein-dahn.de\/index.php?rest_route=\/wp\/v2\/pages"}],"about":[{"href":"https:\/\/kneipp-verein-dahn.de\/index.php?rest_route=\/wp\/v2\/types\/page"}],"author":[{"embeddable":true,"href":"https:\/\/kneipp-verein-dahn.de\/index.php?rest_route=\/wp\/v2\/users\/2"}],"replies":[{"embeddable":true,"href":"https:\/\/kneipp-verein-dahn.de\/index.php?rest_route=%2Fwp%2Fv2%2Fcomments&post=472"}],"version-history":[{"count":9,"href":"https:\/\/kneipp-verein-dahn.de\/index.php?rest_route=\/wp\/v2\/pages\/472\/revisions"}],"predecessor-version":[{"id":496,"href":"https:\/\/kneipp-verein-dahn.de\/index.php?rest_route=\/wp\/v2\/pages\/472\/revisions\/496"}],"wp:attachment":[{"href":"https:\/\/kneipp-verein-dahn.de\/index.php?rest_route=%2Fwp%2Fv2%2Fmedia&parent=472"}],"curies":[{"name":"wp","href":"https:\/\/api.w.org\/{rel}","templated":true}]}}